{"id":50,"date":"2022-09-29T20:38:13","date_gmt":"2022-09-29T20:38:13","guid":{"rendered":"https:\/\/alexgroupconsulting.com\/?page_id=50"},"modified":"2025-08-22T17:22:15","modified_gmt":"2025-08-22T17:22:15","slug":"pocetna","status":"publish","type":"page","link":"https:\/\/alexgroupconsulting.com\/eng\/","title":{"rendered":"Po\u010detna"},"content":{"rendered":"<p>[et_pb_section fb_built=&#8220;1&#8243; fullwidth=&#8220;on&#8220; admin_label=&#8220;Odeljak&#8220; _builder_version=&#8220;4.9.3&#8243; background_image=&#8220;https:\/\/alexgroupconsulting.com\/wp-content\/uploads\/2023\/07\/1-4-scaled.jpg&#8220;][et_pb_fullwidth_slider admin_label=&#8220;Kliza\u010d pune \u0161irine&#8220; _builder_version=&#8220;4.9.3&#8243; body_font=&#8220;|300|||||||&#8220; body_font_size=&#8220;2px&#8220; body_line_height=&#8220;1em&#8220; use_background_color_gradient=&#8220;on&#8220; background_image=&#8220;https:\/\/alexgroupconsulting.com\/wp-content\/uploads\/2023\/07\/1-4-scaled.jpg&#8220; custom_padding=&#8220;||709px|||&#8220; header_font_size_tablet=&#8220;&#8220; header_font_size_phone=&#8220;37px&#8220; header_font_size_last_edited=&#8220;on|phone&#8220; body_font_size_tablet=&#8220;&#8220; body_font_size_phone=&#8220;1px&#8220; body_font_size_last_edited=&#8220;on|phone&#8220; background_last_edited=&#8220;off|desktop&#8220; body_text_shadow_style=&#8220;preset2&#8243; box_shadow_style=&#8220;preset6&#8243; box_shadow_blur=&#8220;10px&#8220; box_shadow_color=&#8220;rgba(0,0,0,0.1)&#8220; button_text_size__hover_enabled=&#8220;off&#8220; button_one_text_size__hover_enabled=&#8220;off&#8220; button_two_text_size__hover_enabled=&#8220;off&#8220; button_text_color__hover_enabled=&#8220;off&#8220; button_one_text_color__hover_enabled=&#8220;off&#8220; button_two_text_color__hover_enabled=&#8220;off&#8220; button_border_width__hover_enabled=&#8220;off&#8220; button_one_border_width__hover_enabled=&#8220;off&#8220; button_two_border_width__hover_enabled=&#8220;off&#8220; button_border_color__hover_enabled=&#8220;off&#8220; button_one_border_color__hover_enabled=&#8220;off&#8220; button_two_border_color__hover_enabled=&#8220;off&#8220; button_border_radius__hover_enabled=&#8220;off&#8220; button_one_border_radius__hover_enabled=&#8220;off&#8220; button_two_border_radius__hover_enabled=&#8220;off&#8220; button_letter_spacing__hover_enabled=&#8220;off&#8220; button_one_letter_spacing__hover_enabled=&#8220;off&#8220; button_two_letter_spacing__hover_enabled=&#8220;off&#8220; button_bg_color__hover_enabled=&#8220;off&#8220; button_one_bg_color__hover_enabled=&#8220;off&#8220; button_two_bg_color__hover_enabled=&#8220;off&#8220; background__hover_enabled=&#8220;off|desktop&#8220;][et_pb_slide use_bg_overlay=&#8220;off&#8220; use_text_overlay=&#8220;off&#8220; _builder_version=&#8220;4.9.3&#8243; header_level=&#8220;h1&#8243; header_font=&#8220;Abhaya Libre|700|||||||&#8220; header_font_size=&#8220;100px&#8220; header_letter_spacing=&#8220;0px&#8220; body_font=&#8220;Abhaya Libre||||||||&#8220; body_font_size=&#8220;40px&#8220; body_line_height=&#8220;1.4em&#8220; background_color=&#8220;#ffffff&#8220; background_image=&#8220;https:\/\/alexgroupconsulting.com\/wp-content\/uploads\/2023\/07\/1-4-scaled.jpg&#8220; header_font_size_tablet=&#8220;&#8220; header_font_size_phone=&#8220;95px&#8220; header_font_size_last_edited=&#8220;on|desktop&#8220; body_font_tablet=&#8220;&#8220; body_font_phone=&#8220;&#8220; body_font_last_edited=&#8220;on|phone&#8220; body_font_size_tablet=&#8220;&#8220; body_font_size_phone=&#8220;20px&#8220; body_font_size_last_edited=&#8220;on|phone&#8220; button_text_size__hover_enabled=&#8220;off&#8220; button_one_text_size__hover_enabled=&#8220;off&#8220; button_two_text_size__hover_enabled=&#8220;off&#8220; button_text_color__hover_enabled=&#8220;off&#8220; button_one_text_color__hover_enabled=&#8220;off&#8220; button_two_text_color__hover_enabled=&#8220;off&#8220; button_border_width__hover_enabled=&#8220;off&#8220; button_one_border_width__hover_enabled=&#8220;off&#8220; button_two_border_width__hover_enabled=&#8220;off&#8220; button_border_color__hover_enabled=&#8220;off&#8220; button_one_border_color__hover_enabled=&#8220;off&#8220; button_two_border_color__hover_enabled=&#8220;off&#8220; button_border_radius__hover_enabled=&#8220;off&#8220; button_one_border_radius__hover_enabled=&#8220;off&#8220; button_two_border_radius__hover_enabled=&#8220;off&#8220; button_letter_spacing__hover_enabled=&#8220;off&#8220; button_one_letter_spacing__hover_enabled=&#8220;off&#8220; button_two_letter_spacing__hover_enabled=&#8220;off&#8220; button_bg_color__hover_enabled=&#8220;off&#8220; button_one_bg_color__hover_enabled=&#8220;off&#8220; button_two_bg_color__hover_enabled=&#8220;off&#8220; sticky_transition=&#8220;on&#8220;][\/et_pb_slide][\/et_pb_fullwidth_slider][\/et_pb_section][et_pb_section fb_built=&#8220;1&#8243; fullwidth=&#8220;on&#8220; _builder_version=&#8220;4.9.3&#8243; _module_preset=&#8220;default&#8220; custom_padding=&#8220;||0px|||&#8220;][et_pb_fullwidth_code _builder_version=&#8220;4.9.3&#8243; _module_preset=&#8220;default&#8220; custom_margin=&#8220;0px||0px||true|false&#8220;]<\/p>\n<div class=\"et_pb_code_inner\">\n<div class=\"\" style=\"padding: 0px 0px 0px 0px;      margin: 0px 0px 0px 0px;      border-radius: 0px;      background-size: auto;background-repeat: repeat;background-position: left top;\"><!-- [et_pb_line_break_holder] -->        <!-- [et_pb_line_break_holder] -->  <!-- [et_pb_line_break_holder] -->        <\/p>\n<div class=\"wsc_slides_grid\"><!-- [et_pb_line_break_holder] -->        <!-- [et_pb_line_break_holder] -->          <\/p>\n<div class=\"wsc_slides_grid_row row row-no-gutters\" data-equalize-item=\".wsc_slides_grid_column\"><!-- [et_pb_line_break_holder] -->          <!-- [et_pb_line_break_holder] -->            <\/p>\n<div class=\"wsc_slides_grid_column col-md-6\"><!-- [et_pb_line_break_holder] -->            <!-- [et_pb_line_break_holder] -->              <!-- [et_pb_line_break_holder] -->      <\/p>\n<div class=\"wsc_content_manager_module_slide visible-md visible-lg visible-sm visible-xs\" style=\"padding: 33px 10% 0px 10%;margin: 0px 0px 0px 0px;border-radius: 0px;background-color: #2370a3;background-size: auto;background-repeat: repeat;background-position: left top;\" data-id=\"2230\"><!-- [et_pb_line_break_holder] -->        <\/p>\n<div class=\"wsc-box-item\"><!-- [et_pb_line_break_holder] -->  <\/p>\n<div class=\"mng-text-theme\"><!-- [et_pb_line_break_holder] -->    <\/p>\n<div class=\"text-left p-t-30 box-height fancy-box\" style=\"\/* height:400.7px; *\/text-align:right !important\"><!-- [et_pb_line_break_holder] --><\/p>\n<h2 style=\"color: #fff;font-weight: 600;\">ALEX GROUP CONSULTING<\/h2>\n<p><!\u2013- [et_pb_br_holder] -\u2013><!-- [et_pb_line_break_holder] -->    <\/p>\n<h3 style=\"color:white;font-weight:300;\">Alex Group Consulting je kompanija za pravne profesionalne usluge. Pru\u017eamo ogroman spektar pravnih saveta za preduze\u0107a i pojedince.<!\u2013- [et_pb_br_holder] -\u2013><!\u2013- [et_pb_br_holder] -\u2013>Svakodnevno postajemo deo sistema do\u017eivotne podr\u0161ke na\u0161im klijentima i sa zadovoljstvom odvajamo vreme da saslu\u0161amo i razumemo dugoro\u010dne potrebe i zahteve na\u0161ih klijenata.<!\u2013- [et_pb_br_holder] -\u2013><!\u2013- [et_pb_br_holder] -\u2013> <\/h3>\n<p><!\u2013- [et_pb_br_holder] -\u2013><!\u2013- [et_pb_br_holder] -\u2013><!-- [et_pb_line_break_holder] -->        <!-- [et_pb_line_break_holder] --><\/div>\n<p><!-- [et_pb_line_break_holder] --><!-- [et_pb_line_break_holder] --><!-- [et_pb_line_break_holder] --><!-- [et_pb_line_break_holder] -->  <\/div>\n<p><!-- [et_pb_line_break_holder] --><\/div>\n<p><!-- [et_pb_line_break_holder] --><!-- [et_pb_line_break_holder] --><!-- [et_pb_line_break_holder] -->      <\/div>\n<p><!-- [et_pb_line_break_holder] -->    <!-- [et_pb_line_break_holder] -->            <!-- [et_pb_line_break_holder] -->            <\/div>\n<p><!-- [et_pb_line_break_holder] -->          <!-- [et_pb_line_break_holder] -->            <\/p>\n<div class=\"wsc_slides_grid_column col-md-6\"><!-- [et_pb_line_break_holder] -->            <!-- [et_pb_line_break_holder] -->              <!-- [et_pb_line_break_holder] -->      <\/p>\n<div class=\"wsc_content_manager_module_slide visible-md visible-lg visible-sm visible-xs\" style=\"padding: 33px 10% 0px 10%;margin: 0px 0px 0px 0px;border-radius: 0px;background-color: #0d1548;background-size: auto;background-repeat: repeat;background-position: left top;\" data-id=\"2233\"><!-- [et_pb_line_break_holder] -->        <\/p>\n<div class=\"wsc-box-item\"><!-- [et_pb_line_break_holder] -->  <\/p>\n<div class=\"mng-text-theme\"><!-- [et_pb_line_break_holder] -->    <\/p>\n<div class=\"text-left p-t-30 box-height fancy-box\" style=\"\/* height: 400.7px; *\/\"><!-- [et_pb_line_break_holder] --><\/p>\n<h2 style=\"color: #fff;font-weight: 600;\">USLUGE<\/h2>\n<p><!\u2013- [et_pb_br_holder] -\u2013><!-- [et_pb_line_break_holder] -->    <\/p>\n<h3 style=\"color:white;font-weight:300;\">\u017delite da pokrenete sopstveni biznis, a ne znate kako, odakle krenuti, \u0161ta je sve potebno i koliki su tro\u0161kovi za osnivanje preduze\u0107a? Prepustite sve nama!<!-- [et_pb_line_break_holder] --><!\u2013- [et_pb_br_holder] -\u2013><!\u2013- [et_pb_br_holder] -\u2013>Registrujemo i osnivamo firmu za Vas, a tako\u0111e radimo i na svim vrstama promena vezanih za Va\u0161e postoje\u0107e preduze\u0107e ili udru\u017eenje. <\/h3>\n<p><!\u2013- [et_pb_br_holder] -\u2013><!\u2013- [et_pb_br_holder] -\u2013><!-- [et_pb_line_break_holder] -->        <!-- [et_pb_line_break_holder] --><\/div>\n<p><!-- [et_pb_line_break_holder] --><!-- [et_pb_line_break_holder] -->  <\/div>\n<p><!-- [et_pb_line_break_holder] --><\/div>\n<p><!-- [et_pb_line_break_holder] --><!-- [et_pb_line_break_holder] --><!-- [et_pb_line_break_holder] -->      <\/div>\n<p><!-- [et_pb_line_break_holder] -->    <!-- [et_pb_line_break_holder] -->            <!-- [et_pb_line_break_holder] -->            <\/div>\n<p><!-- [et_pb_line_break_holder] -->          <!-- [et_pb_line_break_holder] -->          <\/div>\n<p><!-- [et_pb_line_break_holder] -->        <!-- [et_pb_line_break_holder] -->        <\/div>\n<p><!-- [et_pb_line_break_holder] -->      <!-- [et_pb_line_break_holder] --><!-- [et_pb_line_break_holder] -->      <\/div>\n<\/div>\n<p>[\/et_pb_fullwidth_code][\/et_pb_section][et_pb_section fb_built=&#8220;1&#8243; _builder_version=&#8220;3.22&#8243; width=&#8220;100%&#8220; min_height=&#8220;759.9px&#8220; custom_margin=&#8220;-1px|||||&#8220; custom_padding=&#8220;6px|0px|7px|0px||&#8220;][et_pb_row column_structure=&#8220;1_3,1_3,1_3&#8243; _builder_version=&#8220;3.25&#8243;][et_pb_column type=&#8220;1_3&#8243; _builder_version=&#8220;3.25&#8243; custom_padding=&#8220;|||&#8220; custom_padding__hover=&#8220;|||&#8220;][et_pb_blurb url=&#8220;https:\/\/alexgroupconsulting.com\/zivotna-sredina\/&#8220; image=&#8220;https:\/\/alexgroupconsulting.com\/wp-content\/uploads\/2022\/10\/27._EKO_3.jpg&#8220; _builder_version=&#8220;4.9.3&#8243; box_shadow_style=&#8220;preset1&#8243;]<\/p>\n<h2 style=\"text-align: center;\"><a href=\"https:\/\/alexgroupconsulting.com\/zivotna-sredina\/\">Konsalting u za\u0161titi \u017eivotne sredine<\/a><\/h2>\n<p>[\/et_pb_blurb][\/et_pb_column][et_pb_column type=&#8220;1_3&#8243; _builder_version=&#8220;3.25&#8243; custom_padding=&#8220;|||&#8220; custom_padding__hover=&#8220;|||&#8220;][et_pb_blurb url=&#8220;https:\/\/alexgroupconsulting.com\/pravni-konsalting\/&#8220; image=&#8220;https:\/\/alexgroupconsulting.com\/wp-content\/uploads\/2022\/10\/pravni12.png&#8220; _builder_version=&#8220;4.9.3&#8243; box_shadow_style=&#8220;preset1&#8243;]<\/p>\n<h2 style=\"text-align: center;\"><a href=\"https:\/\/alexgroupconsulting.com\/pravni-konsalting\/\">Pravni\u00a0konsalting<\/a><\/h2>\n<p>[\/et_pb_blurb][\/et_pb_column][et_pb_column type=&#8220;1_3&#8243; _builder_version=&#8220;3.25&#8243; custom_padding=&#8220;|||&#8220; custom_padding__hover=&#8220;|||&#8220;][et_pb_blurb url=&#8220;https:\/\/alexgroupconsulting.com\/pravni-konsalting\/&#8220; image=&#8220;https:\/\/alexgroupconsulting.com\/wp-content\/uploads\/2022\/10\/osnivanje2.png&#8220; _builder_version=&#8220;4.9.3&#8243; custom_margin=&#8220;|||&#8220; border_radii_image=&#8220;||||&#8220; box_shadow_style=&#8220;preset1&#8243;]<\/p>\n<h2 style=\"text-align: center;\"><a href=\"https:\/\/alexgroupconsulting.com\/pravni-konsalting\/\">Registracija i osnivanje<\/a><\/h2>\n<p>[\/et_pb_blurb][\/et_pb_column][\/et_pb_row][et_pb_row column_structure=&#8220;1_3,1_3,1_3&#8243; _builder_version=&#8220;3.25&#8243;][et_pb_column type=&#8220;1_3&#8243; _builder_version=&#8220;3.25&#8243; custom_padding=&#8220;|||&#8220; custom_padding__hover=&#8220;|||&#8220;][et_pb_blurb url=&#8220;https:\/\/alexgroupconsulting.com\/knjigovodstvo\/&#8220; image=&#8220;https:\/\/alexgroupconsulting.com\/wp-content\/uploads\/2022\/10\/knjigovodstvo12-1.png&#8220; _builder_version=&#8220;4.9.3&#8243; box_shadow_style=&#8220;preset1&#8243;]<\/p>\n<h2 style=\"text-align: center;\"><a href=\"https:\/\/alexgroupconsulting.com\/knjigovodstvo\/\">Knjigovodstvene\u00a0 usluge<\/a><\/h2>\n<p>[\/et_pb_blurb][\/et_pb_column][et_pb_column type=&#8220;1_3&#8243; _builder_version=&#8220;3.25&#8243; custom_padding=&#8220;|||&#8220; custom_padding__hover=&#8220;|||&#8220;][et_pb_blurb url=&#8220;https:\/\/alexgroupconsulting.com\/virtuelna-kancelarija\/&#8220; image=&#8220;https:\/\/alexgroupconsulting.com\/wp-content\/uploads\/2022\/10\/office12.png&#8220; _builder_version=&#8220;4.9.3&#8243; box_shadow_style=&#8220;preset1&#8243;]<\/p>\n<h2 style=\"text-align: center;\"><a href=\"https:\/\/alexgroupconsulting.com\/virtuelna-kancelarija\/\">Virtuelna kancelarija<\/a><\/h2>\n<p>[\/et_pb_blurb][\/et_pb_column][et_pb_column type=&#8220;1_3&#8243; _builder_version=&#8220;3.25&#8243; custom_padding=&#8220;|||&#8220; custom_padding__hover=&#8220;|||&#8220;][et_pb_blurb url=&#8220;https:\/\/alexgroupconsulting.com\/zaposljavanje\/&#8220; image=&#8220;https:\/\/alexgroupconsulting.com\/wp-content\/uploads\/2022\/10\/posao-1.png&#8220; _builder_version=&#8220;4.9.3&#8243; box_shadow_style=&#8220;preset1&#8243;]<\/p>\n<h2 style=\"text-align: center;\"><a href=\"https:\/\/alexgroupconsulting.com\/zaposljavanje\/\">Posredovanje u zapo\u0161ljavanju<\/a><\/h2>\n<p>[\/et_pb_blurb][\/et_pb_column][\/et_pb_row][\/et_pb_section][et_pb_section fb_built=&#8220;1&#8243; _builder_version=&#8220;4.9.3&#8243; _module_preset=&#8220;default&#8220; background_color=&#8220;#0d1548&#8243; custom_padding=&#8220;37px||37px|||&#8220;][et_pb_row _builder_version=&#8220;4.9.3&#8243; _module_preset=&#8220;default&#8220; custom_padding=&#8220;5px||4px|||&#8220;][et_pb_column type=&#8220;4_4&#8243; _builder_version=&#8220;4.9.3&#8243; _module_preset=&#8220;default&#8220;][et_pb_cta title=&#8220;DAVANJE SAVETA, USMERAVANJE I PRU\u017dANJE STRU\u010cNE I OPERATIVNE POMO\u0106I POSLOVNIM I DRUGIM PRIVREDNIM SUBJEKTIMA&#8220; button_url=&#8220;@ET-DC@eyJkeW5hbWljIjp0cnVlLCJjb250ZW50IjoicG9zdF9saW5rX3VybF9wYWdlIiwic2V0dGluZ3MiOnsicG9zdF9pZCI6IjMyMyJ9fQ==@&#8220; button_text=&#8220;Kontakt&#8220; _builder_version=&#8220;4.9.3&#8243; _dynamic_attributes=&#8220;button_url&#8220; _module_preset=&#8220;default&#8220; header_font=&#8220;Basic||||||||&#8220; body_font=&#8220;ABeeZee||||||||&#8220; body_font_size=&#8220;19px&#8220; background_color=&#8220;#0d1548&#8243; custom_padding=&#8220;8px||1px|||&#8220;]<\/p>\n<p class=\"tw-data-text tw-text-small tw-ta\" dir=\"ltr\"><em><span class=\"Y2IQFc\"><\/span><\/em><\/p>\n<p class=\"tw-data-text tw-text-small tw-ta\" id=\"tw-target-rmn\" dir=\"ltr\"><em><span class=\"Y2IQFc\">\u017delite da znate kako Alex Group Consulting mo\u017ee da re\u0161i probleme specifi\u010dne za va\u0161e poslovanje?<\/span><\/em><\/p>\n<p class=\"tw-data-text tw-text-small tw-ta\" dir=\"ltr\"><span class=\"Y2IQFc\"><\/span><\/p>\n<p>[\/et_pb_cta][\/et_pb_column][\/et_pb_row][\/et_pb_section][et_pb_section fb_built=&#8220;1&#8243; fullwidth=&#8220;on&#8220; _builder_version=&#8220;3.22&#8243;][et_pb_fullwidth_image src=&#8220;https:\/\/alexgroupconsulting.com\/wp-content\/uploads\/2022\/10\/businessman-g4ce33de64_128012111.png&#8220; _builder_version=&#8220;3.0.92&#8243; custom_margin=&#8220;-3px|||||&#8220;]\u00a0<br \/>\n[\/et_pb_fullwidth_image][\/et_pb_section][et_pb_section fb_built=&#8220;1&#8243; _builder_version=&#8220;4.9.3&#8243; background_color=&#8220;#2370a3&#8243;][et_pb_row column_structure=&#8220;1_2,1_2&#8243; _builder_version=&#8220;3.25&#8243; background_size=&#8220;initial&#8220; background_position=&#8220;top_left&#8220; background_repeat=&#8220;repeat&#8220;][et_pb_column type=&#8220;1_2&#8243; _builder_version=&#8220;3.25&#8243; custom_padding=&#8220;|||&#8220; custom_padding__hover=&#8220;|||&#8220;][et_pb_divider show_divider=&#8220;off&#8220; disabled_on=&#8220;on|on|off&#8220; _builder_version=&#8220;3.23.4&#8243; height=&#8220;90px&#8220;]\u00a0<br \/>\n[\/et_pb_divider][et_pb_text _builder_version=&#8220;4.9.3&#8243; background_size=&#8220;initial&#8220; background_position=&#8220;top_left&#8220; background_repeat=&#8220;repeat&#8220; background_layout=&#8220;dark&#8220;]<\/p>\n<h2><strong>VIRTUELNA KANCELARIJA<\/strong><\/h2>\n<p>[\/et_pb_text][et_pb_blurb title=&#8220;Registracija privrednog dru\u0161tva na na\u0161oj adresi&#8220; use_icon=&#8220;on&#8220; font_icon=&#8220;%%253%%&#8220; icon_color=&#8220;#ffffff&#8220; icon_placement=&#8220;left&#8220; _builder_version=&#8220;4.9.3&#8243; background_size=&#8220;initial&#8220; background_position=&#8220;top_left&#8220; background_repeat=&#8220;repeat&#8220; background_layout=&#8220;dark&#8220; animation=&#8220;right&#8220;][\/et_pb_blurb][et_pb_blurb title=&#8220;Pru\u017eanje knjigovodstvenih usluga&#8220; use_icon=&#8220;on&#8220; font_icon=&#8220;%%75%%&#8220; icon_color=&#8220;#ffffff&#8220; icon_placement=&#8220;left&#8220; _builder_version=&#8220;4.9.3&#8243; background_size=&#8220;initial&#8220; background_position=&#8220;top_left&#8220; background_repeat=&#8220;repeat&#8220; background_layout=&#8220;dark&#8220; animation=&#8220;right&#8220;][\/et_pb_blurb][et_pb_blurb title=&#8220;Prijatan ambijent&#8220; use_icon=&#8220;on&#8220; font_icon=&#8220;\ue00c&#8220; icon_color=&#8220;#ffffff&#8220; icon_placement=&#8220;left&#8220; _builder_version=&#8220;3.0.74&#8243; background_size=&#8220;initial&#8220; background_position=&#8220;top_left&#8220; background_repeat=&#8220;repeat&#8220; background_layout=&#8220;dark&#8220; animation=&#8220;right&#8220;][\/et_pb_blurb][et_pb_blurb title=&#8220;Sala za sastanke&#8220; use_icon=&#8220;on&#8220; font_icon=&#8220;\ue038&#8220; icon_color=&#8220;#ffffff&#8220; icon_placement=&#8220;left&#8220; _builder_version=&#8220;4.9.3&#8243; background_size=&#8220;initial&#8220; background_position=&#8220;top_left&#8220; background_repeat=&#8220;repeat&#8220; background_layout=&#8220;dark&#8220; animation=&#8220;right&#8220;][\/et_pb_blurb][et_pb_blurb title=&#8220;Pristup internetu&#8220; use_icon=&#8220;on&#8220; font_icon=&#8220;\ue038&#8220; icon_color=&#8220;#ffffff&#8220; icon_placement=&#8220;left&#8220; _builder_version=&#8220;4.9.3&#8243; background_size=&#8220;initial&#8220; background_position=&#8220;top_left&#8220; background_repeat=&#8220;repeat&#8220; background_layout=&#8220;dark&#8220; animation=&#8220;right&#8220;][\/et_pb_blurb][et_pb_blurb title=&#8220;Skeniranje, \u0161tampanje&#8220; use_icon=&#8220;on&#8220; font_icon=&#8220;\ue038&#8220; icon_color=&#8220;#ffffff&#8220; icon_placement=&#8220;left&#8220; _builder_version=&#8220;4.9.3&#8243; background_size=&#8220;initial&#8220; background_position=&#8220;top_left&#8220; background_repeat=&#8220;repeat&#8220; background_layout=&#8220;dark&#8220; animation=&#8220;right&#8220;][\/et_pb_blurb][et_pb_blurb title=&#8220;Podr\u0161ka u poslovanju&#8220; use_icon=&#8220;on&#8220; font_icon=&#8220;\ue029&#8220; icon_color=&#8220;#ffffff&#8220; icon_placement=&#8220;left&#8220; _builder_version=&#8220;4.9.3&#8243; background_size=&#8220;initial&#8220; background_position=&#8220;top_left&#8220; background_repeat=&#8220;repeat&#8220; background_layout=&#8220;dark&#8220; animation=&#8220;right&#8220;][\/et_pb_blurb][\/et_pb_column][et_pb_column type=&#8220;1_2&#8243; _builder_version=&#8220;3.25&#8243; custom_padding=&#8220;|||&#8220; custom_padding__hover=&#8220;|||&#8220;][et_pb_image src=&#8220;https:\/\/alexgroupconsulting.com\/wp-content\/uploads\/2022\/10\/virtuelna-kancelarija-financial-development1.png&#8220; align_tablet=&#8220;center&#8220; align_phone=&#8220;&#8220; align_last_edited=&#8220;on|desktop&#8220; _builder_version=&#8220;3.23&#8243; animation_style=&#8220;slide&#8220; animation_direction=&#8220;left&#8220; animation_duration=&#8220;500ms&#8220; animation_intensity_slide=&#8220;10%&#8220; animation=&#8220;left&#8220;]\u00a0<br \/>\n[\/et_pb_image][\/et_pb_column][\/et_pb_row][\/et_pb_section]<\/p>\n","protected":false},"excerpt":{"rendered":"<p>[et_pb_section fb_built=&#8220;1&#8243; fullwidth=&#8220;on&#8220; admin_label=&#8220;Odeljak&#8220; _builder_version=&#8220;4.9.3&#8243; background_image=&#8220;https:\/\/alexgroupconsulting.com\/wp-content\/uploads\/2023\/07\/1-4-scaled.jpg&#8220;][et_pb_fullwidth_slider admin_label=&#8220;Kliza\u010d pune \u0161irine&#8220; _builder_version=&#8220;4.9.3&#8243; body_font=&#8220;|300|||||||&#8220; body_font_size=&#8220;2px&#8220; body_line_height=&#8220;1em&#8220; use_background_color_gradient=&#8220;on&#8220; background_image=&#8220;https:\/\/alexgroupconsulting.com\/wp-content\/uploads\/2023\/07\/1-4-scaled.jpg&#8220; custom_padding=&#8220;||709px|||&#8220; header_font_size_tablet=&#8220;&#8220; header_font_size_phone=&#8220;37px&#8220; header_font_size_last_edited=&#8220;on|phone&#8220; body_font_size_tablet=&#8220;&#8220; body_font_size_phone=&#8220;1px&#8220; body_font_size_last_edited=&#8220;on|phone&#8220; background_last_edited=&#8220;off|desktop&#8220; body_text_shadow_style=&#8220;preset2&#8243; box_shadow_style=&#8220;preset6&#8243; box_shadow_blur=&#8220;10px&#8220; box_shadow_color=&#8220;rgba(0,0,0,0.1)&#8220; button_text_size__hover_enabled=&#8220;off&#8220; button_one_text_size__hover_enabled=&#8220;off&#8220; button_two_text_size__hover_enabled=&#8220;off&#8220; button_text_color__hover_enabled=&#8220;off&#8220; button_one_text_color__hover_enabled=&#8220;off&#8220; button_two_text_color__hover_enabled=&#8220;off&#8220; button_border_width__hover_enabled=&#8220;off&#8220; button_one_border_width__hover_enabled=&#8220;off&#8220; button_two_border_width__hover_enabled=&#8220;off&#8220; button_border_color__hover_enabled=&#8220;off&#8220; button_one_border_color__hover_enabled=&#8220;off&#8220; button_two_border_color__hover_enabled=&#8220;off&#8220; button_border_radius__hover_enabled=&#8220;off&#8220; button_one_border_radius__hover_enabled=&#8220;off&#8220; button_two_border_radius__hover_enabled=&#8220;off&#8220; button_letter_spacing__hover_enabled=&#8220;off&#8220; button_one_letter_spacing__hover_enabled=&#8220;off&#8220; button_two_letter_spacing__hover_enabled=&#8220;off&#8220; button_bg_color__hover_enabled=&#8220;off&#8220; button_one_bg_color__hover_enabled=&#8220;off&#8220; button_two_bg_color__hover_enabled=&#8220;off&#8220; background__hover_enabled=&#8220;off|desktop&#8220;][et_pb_slide use_bg_overlay=&#8220;off&#8220; use_text_overlay=&#8220;off&#8220; _builder_version=&#8220;4.9.3&#8243; header_level=&#8220;h1&#8243; header_font=&#8220;Abhaya Libre|700|||||||&#8220; [&hellip;]<\/p>\n","protected":false},"author":1,"featured_media":0,"parent":0,"menu_order":0,"comment_status":"closed","ping_status":"closed","template":"","meta":{"_et_pb_use_builder":"on","_et_pb_old_content":"","_et_gb_content_width":"","footnotes":""},"class_list":["post-50","page","type-page","status-publish","hentry"],"_links":{"self":[{"href":"https:\/\/alexgroupconsulting.com\/eng\/wp-json\/wp\/v2\/pages\/50","targetHints":{"allow":["GET"]}}],"collection":[{"href":"https:\/\/alexgroupconsulting.com\/eng\/wp-json\/wp\/v2\/pages"}],"about":[{"href":"https:\/\/alexgroupconsulting.com\/eng\/wp-json\/wp\/v2\/types\/page"}],"author":[{"embeddable":true,"href":"https:\/\/alexgroupconsulting.com\/eng\/wp-json\/wp\/v2\/users\/1"}],"replies":[{"embeddable":true,"href":"https:\/\/alexgroupconsulting.com\/eng\/wp-json\/wp\/v2\/comments?post=50"}],"version-history":[{"count":113,"href":"https:\/\/alexgroupconsulting.com\/eng\/wp-json\/wp\/v2\/pages\/50\/revisions"}],"predecessor-version":[{"id":525,"href":"https:\/\/alexgroupconsulting.com\/eng\/wp-json\/wp\/v2\/pages\/50\/revisions\/525"}],"wp:attachment":[{"href":"https:\/\/alexgroupconsulting.com\/eng\/wp-json\/wp\/v2\/media?parent=50"}],"curies":[{"name":"wp","href":"https:\/\/api.w.org\/{rel}","templated":true}]}}