{"id":391,"date":"2022-10-06T18:59:13","date_gmt":"2022-10-06T18:59:13","guid":{"rendered":"https:\/\/alexgroupconsulting.com\/?page_id=391"},"modified":"2022-10-31T13:27:38","modified_gmt":"2022-10-31T13:27:38","slug":"zaposljavanje","status":"publish","type":"page","link":"https:\/\/alexgroupconsulting.com\/eng\/zaposljavanje\/","title":{"rendered":"EMPLOYMENT"},"content":{"rendered":"<p>[et_pb_section fb_built=&#8220;1&#8243; fullwidth=&#8220;on&#8220; _builder_version=&#8220;4.9.3&#8243; _module_preset=&#8220;default&#8220;][et_pb_fullwidth_image src=&#8220;https:\/\/alexgroupconsulting.com\/wp-content\/uploads\/2022\/10\/employment.jpg&#8220; title_text=&#8220;employment&#8220; _builder_version=&#8220;4.9.3&#8243; _module_preset=&#8220;default&#8220;][\/et_pb_fullwidth_image][\/et_pb_section][et_pb_section fb_built=&#8220;1&#8243; _builder_version=&#8220;4.9.3&#8243; _module_preset=&#8220;default&#8220; custom_padding=&#8220;6px||5px|||&#8220;][et_pb_row _builder_version=&#8220;4.9.3&#8243; _module_preset=&#8220;default&#8220; custom_padding=&#8220;8px||3px|||&#8220;][et_pb_column type=&#8220;4_4&#8243; _builder_version=&#8220;4.9.3&#8243; _module_preset=&#8220;default&#8220;][et_pb_text _builder_version=&#8220;4.9.3&#8243; _module_preset=&#8220;default&#8220; custom_padding=&#8220;9px|||||&#8220;]<\/p>\n<h2 style=\"text-align: center;\"><span style=\"color: #030163;\"><em><strong>POSREDOVANJE U ZAPO\u0160LJAVANJU<\/strong><\/em><\/span><\/h2>\n<p>[\/et_pb_text][\/et_pb_column][\/et_pb_row][\/et_pb_section][et_pb_section fb_built=&#8220;1&#8243; _builder_version=&#8220;4.9.3&#8243; _module_preset=&#8220;default&#8220; custom_padding=&#8220;10px|||||&#8220;][et_pb_row _builder_version=&#8220;4.9.3&#8243; _module_preset=&#8220;default&#8220;][et_pb_column type=&#8220;4_4&#8243; _builder_version=&#8220;4.9.3&#8243; _module_preset=&#8220;default&#8220;][et_pb_text _builder_version=&#8220;4.9.3&#8243; _module_preset=&#8220;default&#8220; text_text_color=&#8220;#000000&#8243; text_font_size=&#8220;18px&#8220;]<\/p>\n<h3>\u0160to je posredovanje pri zapo\u0161ljavanju?<\/h3>\n<p>&nbsp;<\/p>\n<p><strong>\u00a0Za\u0161to sara\u0111ivati s agencijom za zapo\u0161ljavanje?<\/strong><\/p>\n<p>Saradnja sa firmama za zapo\u0161ljavanje samo je jedan od na\u010dina za pove\u0107anje Va\u0161ih \u0161ansi pronalaska \u017eeljenog posla. Agencije za zapo\u0161ljavanje \u010desto deluju kao &#8222;posrednik&#8220; koji Vas idetifikuje i povezuje s potrebama zapo\u0161ljavanja koje su iskazali poslodavci. \u010cesto se poslodavci odlu\u010duju za ogla\u0161avanje otvorenih pozicija preko agencija kako bi svoj poslovni stroj rasteretili od vremenski zahtevnog procesa regrutovanja i odabira prave osobe.<\/p>\n<p><strong>\u00a0Tra\u017eite posao?<\/strong><\/p>\n<p>Na pravom ste mestu! Dobrodo\u0161li na na\u0161u stranicu karijera.<\/p>\n<p><strong>Posredovanje pri zapo\u0161ljavanju<\/strong><\/p>\n<p>ALEX GROUP CONSULTING nudi posredovanje u zapo\u0161ljavanju, u Srbiji i inostranstvu, i potencijalne kandidate povezuje s poslodavcima. Pogledajte \u0161ta se trenutno nudi, prijavite se u na\u0161u bazu i napravite korak napred prema odli\u010dnoj karijeri!<\/p>\n<p>[\/et_pb_text][\/et_pb_column][\/et_pb_row][\/et_pb_section][et_pb_section fb_built=&#8220;1&#8243; _builder_version=&#8220;4.9.3&#8243; _module_preset=&#8220;default&#8220; background_color=&#8220;#0d1548&#8243; custom_padding=&#8220;37px||37px|||&#8220;][et_pb_row _builder_version=&#8220;4.9.3&#8243; _module_preset=&#8220;default&#8220; custom_padding=&#8220;5px||4px|||&#8220;][et_pb_column type=&#8220;4_4&#8243; _builder_version=&#8220;4.9.3&#8243; _module_preset=&#8220;default&#8220;][et_pb_cta title=&#8220;DAVANJE SAVETA, USMERAVANJE I PRU\u017dANJE STRU\u010cNE I OPERATIVNE POMO\u0106I POSLOVNIM I DRUGIM PRIVREDNIM SUBJEKTIMA&#8220; button_url=&#8220;@ET-DC@eyJkeW5hbWljIjp0cnVlLCJjb250ZW50IjoicG9zdF9saW5rX3VybF9wYWdlIiwic2V0dGluZ3MiOnsicG9zdF9pZCI6IjMyMyJ9fQ==@&#8220; button_text=&#8220;Kontakt&#8220; _builder_version=&#8220;4.9.3&#8243; _dynamic_attributes=&#8220;button_url&#8220; _module_preset=&#8220;default&#8220; header_font=&#8220;Basic||||||||&#8220; body_font=&#8220;ABeeZee||||||||&#8220; body_font_size=&#8220;19px&#8220; background_color=&#8220;#0d1548&#8243; custom_padding=&#8220;8px||1px|||&#8220;]<\/p>\n<p class=\"tw-data-text tw-text-small tw-ta\" dir=\"ltr\"><em><span class=\"Y2IQFc\"><\/span><\/em><\/p>\n<p class=\"tw-data-text tw-text-small tw-ta\" id=\"tw-target-rmn\" dir=\"ltr\"><em><span class=\"Y2IQFc\">\u017delite da znate kako Alex Group Consulting mo\u017ee da re\u0161i probleme specifi\u010dne za va\u0161e poslovanje?<\/span><\/em><\/p>\n<p class=\"tw-data-text tw-text-small tw-ta\" dir=\"ltr\"><span class=\"Y2IQFc\"><\/span><\/p>\n<p>[\/et_pb_cta][\/et_pb_column][\/et_pb_row][\/et_pb_section]<\/p>\n","protected":false},"excerpt":{"rendered":"<p>[et_pb_section fb_built=&#8220;1&#8243; fullwidth=&#8220;on&#8220; _builder_version=&#8220;4.9.3&#8243; _module_preset=&#8220;default&#8220;][et_pb_fullwidth_image src=&#8220;https:\/\/alexgroupconsulting.com\/wp-content\/uploads\/2022\/10\/employment.jpg&#8220; title_text=&#8220;employment&#8220; _builder_version=&#8220;4.9.3&#8243; _module_preset=&#8220;default&#8220;][\/et_pb_fullwidth_image][\/et_pb_section][et_pb_section fb_built=&#8220;1&#8243; _builder_version=&#8220;4.9.3&#8243; _module_preset=&#8220;default&#8220; custom_padding=&#8220;6px||5px|||&#8220;][et_pb_row _builder_version=&#8220;4.9.3&#8243; _module_preset=&#8220;default&#8220; custom_padding=&#8220;8px||3px|||&#8220;][et_pb_column type=&#8220;4_4&#8243; _builder_version=&#8220;4.9.3&#8243; _module_preset=&#8220;default&#8220;][et_pb_text _builder_version=&#8220;4.9.3&#8243; _module_preset=&#8220;default&#8220; custom_padding=&#8220;9px|||||&#8220;] POSREDOVANJE U ZAPO\u0160LJAVANJU [\/et_pb_text][\/et_pb_column][\/et_pb_row][\/et_pb_section][et_pb_section fb_built=&#8220;1&#8243; _builder_version=&#8220;4.9.3&#8243; _module_preset=&#8220;default&#8220; custom_padding=&#8220;10px|||||&#8220;][et_pb_row _builder_version=&#8220;4.9.3&#8243; _module_preset=&#8220;default&#8220;][et_pb_column type=&#8220;4_4&#8243; _builder_version=&#8220;4.9.3&#8243; _module_preset=&#8220;default&#8220;][et_pb_text _builder_version=&#8220;4.9.3&#8243; _module_preset=&#8220;default&#8220; text_text_color=&#8220;#000000&#8243; text_font_size=&#8220;18px&#8220;] \u0160to je posredovanje pri zapo\u0161ljavanju? &nbsp; \u00a0Za\u0161to sara\u0111ivati s agencijom za zapo\u0161ljavanje? Saradnja sa firmama za [&hellip;]<\/p>\n","protected":false},"author":1,"featured_media":0,"parent":0,"menu_order":0,"comment_status":"closed","ping_status":"closed","template":"","meta":{"_et_pb_use_builder":"on","_et_pb_old_content":"","_et_gb_content_width":"","footnotes":""},"class_list":["post-391","page","type-page","status-publish","hentry"],"_links":{"self":[{"href":"https:\/\/alexgroupconsulting.com\/eng\/wp-json\/wp\/v2\/pages\/391","targetHints":{"allow":["GET"]}}],"collection":[{"href":"https:\/\/alexgroupconsulting.com\/eng\/wp-json\/wp\/v2\/pages"}],"about":[{"href":"https:\/\/alexgroupconsulting.com\/eng\/wp-json\/wp\/v2\/types\/page"}],"author":[{"embeddable":true,"href":"https:\/\/alexgroupconsulting.com\/eng\/wp-json\/wp\/v2\/users\/1"}],"replies":[{"embeddable":true,"href":"https:\/\/alexgroupconsulting.com\/eng\/wp-json\/wp\/v2\/comments?post=391"}],"version-history":[{"count":7,"href":"https:\/\/alexgroupconsulting.com\/eng\/wp-json\/wp\/v2\/pages\/391\/revisions"}],"predecessor-version":[{"id":467,"href":"https:\/\/alexgroupconsulting.com\/eng\/wp-json\/wp\/v2\/pages\/391\/revisions\/467"}],"wp:attachment":[{"href":"https:\/\/alexgroupconsulting.com\/eng\/wp-json\/wp\/v2\/media?parent=391"}],"curies":[{"name":"wp","href":"https:\/\/api.w.org\/{rel}","templated":true}]}}